+ 92. Does 12 divide p?
True
Suppose 5*w - 111 = -4*j, 4*j + 1 = 5*w - 78. Let t = -31 + w. Is 36/7*(-56)/t a multiple of 5?
False
Let v(z) be the second derivative of -7*z**5/10 + z**4/6 + z**3/6 + 4*z. Let s be v(2). Let k = -54 - s. Is k a multiple of 15?
False
Let g be 0 + 2/4*4. Suppose -g*j - 23 = -59. Let w = -11 + j. Is w even?
False
Let q = 270 - -30. Is 60 a factor of q?
True
Suppose 19835 = 17*q - 3727. Is 14 a factor of q?
True
Suppose -3*d - 348 + 2553 = 0. Is 49 a factor of d?
True
Let v(x) = 2*x + 40. Suppose -25 = t + 4*j - 1, 2*t + 42 = -5*j. Is 4 a factor of v(t)?
True
Let w(i) = 6*i - 31. Let b be w(6). Suppose 5 = -z, -3*v + 136 - 18 = -b*z. Does 3 divide v?
False
Is 14 a factor of 42/7 + -8 - -346?
False
Let z be 1007*(-6)/(-18) - 4/6. Suppose 2*j + v - z = 0, v - 495 - 350 = -5*j. Is j a multiple of 17?
True
Suppose -3*v = -a + 2231, -353 = -2*a - 2*v + 4109. Is a a multiple of 23?
True
Let f = 222 + 604. Does 59 divide f?
True
Suppose -15 = -5*f + 310. Does 13 divide f?
True
Let r(i) = i**3 + 14*i**2 + 9*i - 14. Let g be r(-10). Suppose -9*v = g - 1250. Does 20 divide v?
False
Let l be 3 - (0 - -2) - -34. Let i be (-3)/(-15) - (-9)/5. Suppose i*y = -3*y + l. Is 3 a factor of y?
False
Suppose 17*s = 4*s + 3640. Does 10 divide s?
True
Is 167 - -1 - (6/(-1) + 4) a multiple of 17?
True
Let f be (-9)/(-3) + 460/1. Let d = f - 153. Suppose 5*j = 5*m - d, 0*j - 181 = -3*m + 2*j. Is m a multiple of 17?
False
Let d = -7 - -12. Let a = 18 - 18. Suppose -d*i + 10 + 45 = a. Is i a multiple of 11?
True
Suppose -2*s - 1 = 2*f - 3, -4*f = 3*s - 9. Let t(i) = -i**2 + 12*i + 14. Is 6 a factor of t(f)?
False
Let k(a) = -a**3 + 5*a**2 + 3. Let p be k(5). Suppose 6*c - p*c - b - 407 = 0, 5*c - 4*b - 669 = 0. Is c a multiple of 20?
False
Let g = -29 + -1. Does 21 divide 867/5 + 12/g?
False
Suppose 10026 = -2*s + 11*s. Is 109 a factor of s?
False
Let c(t) = t**2 - 17*t + 6. Let q(o) = o**2 - 18*o + 6. Let h(m) = -7*c(m) + 6*q(m). Does 22 divide h(7)?
True
Let j be 4*((-3)/(-2) + -4). Is 11 a factor of (-11)/55 - 222/j?
True
Let h(z) = -26 - 18 + 45*z + 30*z**2 - 11*z**3 + 9*z**2. Let c(j) = -4*j**3 + 13*j**2 + 15*j - 15. Let p(f) = -8*c(f) + 3*h(f). Is p(14) even?
True
Suppose -1 - 3 = -4*i. Is 21 a factor of (-794)/(-6) + i/(-3)?
False
Suppose -3*r = r - 4*v - 388, 383 = 4*r - 3*v. Suppose 46 = 2*k - r. Let g = 98 - k. Does 15 divide g?
False
Let r(d) = -d**2 + 16*d - 32. Let x be r(12). Suppose x*q - 448 = 12*q. Is q a multiple of 8?
True
Let i(w) = -6*w - 3. Let f(y) = 7*y + 4. Let s(c) = -4*f(c) - 3*i(c). Let v(l) = l**3 - 6*l**2 - 6*l - 12. Let m be v(7). Is s(m) a multiple of 12?
False
Let h(p) be the second derivative of -p**3 + 15*p**2 + 27*p. Is h(-5) a multiple of 12?
True
Suppose -3*y = -14 - 19. Suppose y*j = 35 + 9. Is 2 a factor of j?
True
Is 75 a factor of (-125416)/(-152) - (-24)/(-228)?
True
Let j be (-3 + (-4 - 5))/(0 - -1). Does 3 divide 4 + (j/(-1))/(-2) + 21?
False
Let u(x) = -31*x - 11 - 16 + 39 + 2*x. Is u(-2) a multiple of 15?
False
Suppose -3*r + 360 = -3*k, k = -r - r + 237. Is r a multiple of 7?
True
Let k(x) = -x**3 + 16*x**2 + x + 1. Let a = 2 + 3. Suppose i - 5*q + 2 = 3, q + 77 = a*i. Is k(i) a multiple of 4?
False
Let o(m) = 5*m**2 - 8*m + 40. Let b be o(7). Let y = 351 - b. Does 20 divide y?
False
Let w(q) = q**3 - 3*q**2 + 4. Let r be w(3). Suppose -12 = -r*l + l, -l = 3*u - 22. Is 32/(-6)*(u + -18) a multiple of 27?
False
Let h = -1 + 5. Suppose -24 = h*k - 7*k. Let r(l) = -l**2 + 7*l + 18. Is 3 a factor of r(k)?
False
Let f(w) = 272 - 2*w - 272 + w. Let n be f(1). Does 12 divide n + 2 + 44 - 0?
False
Let q(l) be the second derivative of l**4/4 - l**3/2 + 2*l**2 - 5*l. Let b be q(-3). Suppose -4*r = 4*s - b, 0*s - 32 = -4*r + 4*s. Is 9 a factor of r?
True
Let a = -14 + 14. Suppose -3*c + 12 + 75 = a. Suppose -j = -4*n + c, 3*n = 5*n + j - 7. Is 2 a factor of n?
True
Let d = -106 + 233. Suppose -i + 103 = 4*h, i - d = h - 4. Is 21 a factor of i?
False
Suppose z = 141 - 57. Does 11 divide z?
False
Let i(a) = 10*a**2 - 8*a - 7. Let v(y) = y**2 - y. Let j(x) = i(x) - 6*v(x). Is 5 a factor of j(4)?
False
Suppose 3*a + 4*o = 2137, 2*a - 6*a - 5*o + 2849 = 0. Is a a multiple of 8?
False
Let p(k) = 5*k - 63. Let o be p(12). Is 36/(o/(3/(-1)) + 1) a multiple of 3?
True
Let c be (-1 - 3) + (6 - 2). Suppose c = -o - 5*n + 111 - 40, n - 322 = -4*o. Is 12 a factor of o?
False
Let b be (-5)/(-1)*(-12)/15. Let i = b - -50. Does 8 divide i?
False
Suppose 4*c + 353 = u + 9, 3*c + 1703 = 5*u. Does 20 divide u?
True
Suppose -14*y + 10*y = -4. Does 16 divide 52/(-8)*y*-14?
False
Suppose 0 = -19*n + 21*n + 5*f - 1282, 631 = n + 5*f. Is 15 a factor of n?
False
Suppose 2*q + 11 = -3*t, 2*t - 3*t = -2*q + 17. Does 20 divide (-15728)/(-112) - (-1)/t*3?
True
Does 17 divide (-92885)/(-39) - (1 - (-21)/(-9))?
False
Let o = 10 + -11. Is o/(-5) - (-1317)/15 a multiple of 22?
True
Let f(h) = h**3 + 17*h**2 + 1. Let y be f(-17). Is 38 a factor of (2 - y)/(5/395)?
False
Let u(g) be the first derivative of 11*g**3/3 - g**2/2 + g - 9. Let f be u(1). Let b(k) = 2*k + 11. Does 8 divide b(f)?
False
Let a = -9 + 13. Suppose 0 = 4*s + 5*t - 9 - a, 2*s = -t + 5. Let v(r) = 5*r**3 + r**2 + 1. Is 14 a factor of v(s)?
False
Is 2907/6 - 3/(-24)*-4 a multiple of 11?
True
Let m(k) = -k - 2. Let l be m(-5). Suppose -l*a = 6 + 6. Let h(u) = 4*u**2 - 2*u + 7. Is 20 a factor of h(a)?
False
Let k be (-13280)/(-240) + (-7)/3. Suppose 3*t = t - 10. Let f = k + t. Is f a multiple of 12?
True
Let u(v) = 6*v**3 - 2*v + 1. Let a(t) = 3 - 4 - 5*t + 6*t + 2. Let c be a(0). Does 2 divide u(c)?
False
Let x(c) = c**2 + 7*c + 66. Does 77 divide x(-44)?
True
Suppose -2*p = -2*i + 12 + 2, -p - 51 = -5*i. Let r be (-26)/(-3*(-2)/(-3)). Suppose i*m + 18 = r*m. Does 3 divide m?
True
Suppose 0 = 6*f - 3*f + 3. Is (f + 2/(-4))*-18 a multiple of 3?
True
Let o(q) = 4*q - 72. Let y be o(18). Suppose y = -4*u - 49 + 413. Is u a multiple of 13?
True
Does 56 divide ((-66)/24 + 2)*-2476?
False
Let l = -5484 - -11008. Does 17 divide -3 - l/(-32) - (-18)/48?
True
Let z(n) = 3*n**2 - 5*n + 6. Let p = -17 - -22. Is z(p) a multiple of 4?
True
Let x be (-8)/10 - (-120)/25. Suppose 5*i + d = 615, x*i + 2*d = 241 + 251. Is i a multiple of 41?
True
Suppose 119*k = 107*k + 840. Let i = -11 + 19. Suppose 3*z + k = i*z. Is 14 a factor of z?
True
Let o(h) = -h**3 + 7*h**2 - 6*h + 4. Let n be o(6). Is 8 a factor of (-16*1)/(-1 - (-2)/n)?
True
Let s(i) = i**3 - 7*i**2 + 7*i + 8. Let y be 3*(0 + -1) - -3. Suppose y = 5*v + 5*q - 50, -4*v + 2*q = -v - 10. Is s(v) a multiple of 7?
True
Let g(i) = 166*i - 82. Does 12 divide g(7)?
True
Let z(d) = -d - 4. Let w be (6/2)/(10/(-30)). Let t be z(w). Suppose o - 13 = 4*y - 1, -2*o + t*y = -24. Is 4 a factor of o?
True
Let l = -184 + 537. Suppose -352 = -5*f + l. Is f a multiple of 13?
False
Let f = -69 + 133. Is (-3)/(-8) - (-2664)/f a multiple of 19?
False
Let w = 203 + -118. Let b = 164 - w. Does 15 divide b?
False
Suppose 2*f + g = 81, -41 - 25 = -2*f + 4*g. Let x be 20/6 - (-26)/f. Let b = x - -31. Is 13 a factor of b?
False
Let o be 61/9 + (-14)/(-63). Let a = o - 5. Suppose 3*d = -a*d + 45. Is d a multiple of 5?
False
Suppose 43*c - 741 = 24*c. Is 13 a factor of c?
True
Suppose 5*c = 2*q - 498, 2*q - 128 = 2*c + 370. Is 3 a factor of q?
True
Let s(c) = 5*c**2 + 4*c - 3. Is 18 a factor of s(7)?
True
Let a = -19 + 22. Suppose -4*t + 5*c = -76, 4*c - 30 = -a*t + c. Suppose b - t = 8. Is 22 a factor of b?
True
Let x = 4959 - 3467. Is x a multiple of 20?
False
Suppose 0 = 37*v - 26*v - 4576. Is 16 a factor of v?
True
Let l(p) = p - 12. Let v be 288/21 + (-2)/(-7). Let j be l(v). Suppose j*u - 12 = u. Is 7 a factor of u?
False
Let a = 353 + -292. Does 2 divide a?
False
Let n(o) = -o**2 - 27*o - 94. Is 43 a factor of n(-8)?
False
Let z be 64/(15/(-21) + 1). Suppose z + 16 = 6*s. Does 8 divide s?
True
Let h(g) = g**3 + 20*g**2 - 26*g + 51. Is h(-21) a multiple of 34?
False
Let v = 556 + -394. Is v a multiple of 2?
True
Let u(g) = -g**3 + 4*g + 3. Let d be u(-2). Suppose 2*z = -2*w - d*z + 105, -198 = -4*w + 2*z. Is 17 a factor of w?
False
Let q(w) = -2*w**2 + 41*w - 23. Is q(17) a multiple of 8?
True
Let z = 141 - 207. Let w = z + 131. Is 13 a factor of w?